{"id":24,"date":"2015-01-07T13:47:51","date_gmt":"2015-01-07T13:47:51","guid":{"rendered":"http:\/\/\/?page_id=24"},"modified":"2024-05-18T15:56:51","modified_gmt":"2024-05-18T15:56:51","slug":"die-menschen","status":"publish","type":"page","link":"https:\/\/listwein.at\/die-menschen\/","title":{"rendered":"Die Menschen"},"content":{"rendered":"<div class=\"wpb-content-wrapper\"><p>[vc_row][vc_column width=&#8220;1\/3&#8243;][vc_single_image image=&#8220;539&#8243; img_size=&#8220;medium&#8220;][\/vc_column][vc_column width=&#8220;2\/3&#8243;][vc_column_text]<\/p>\n<h4>Inge List:<\/h4>\n<p>Sie ist das Herz und die Seele der Familie. Wo sie ist, ist enger Zusammenhalt. Die gelassene Winzerin, die stets den \u00dcberblick bewahrt, f\u00fchrt den Haushalt und leitet den Ab Hof Verkauf.<\/p>\n<p>Zudem betreut sie liebevoll die Ferienwohnungen, die sich im originalen, geschichtstr\u00e4chtigen Winzerhaus befinden.[\/vc_column_text][\/vc_column][\/vc_row][vc_row][vc_column width=&#8220;2\/3&#8243;][vc_column_text]<\/p>\n<h4>Anton List:<\/h4>\n<p>Toni hat den Betrieb zu seiner jetzigen Gr\u00f6\u00dfe getragen. Listwein tr\u00e4gt seine Handschrift, die durch gro\u00dfes Interesse f\u00fcr Altes und Neues gekennzeichnet ist.<\/p>\n<p>Trotz Ruhestand hilft der Umtriebige noch immer flei\u00dfig im Weingarten mit. Mit seiner langj\u00e4hrigen Erfahrung steht er auch mit Rat und Tat zur Seite.[\/vc_column_text][\/vc_column][vc_column width=&#8220;1\/3&#8243;][vc_single_image image=&#8220;541&#8243; img_size=&#8220;medium&#8220;][\/vc_column][\/vc_row][vc_row][vc_column width=&#8220;1\/3&#8243;][vc_single_image image=&#8220;1978&#8243; img_size=&#8220;medium&#8220;][\/vc_column][vc_column width=&#8220;2\/3&#8243;][vc_column_text]<\/p>\n<h4>Matthias List:<\/h4>\n<p>Er verk\u00f6rpert die siebente Generation am Weingut und hat seit 2006 den Keller \u00fcber. Der energiegeladene Jungwinzer ist um die ganze (Wein-)Welt gereist und bringt Kreativit\u00e4t und neue Impulse in den Familienbetrieb.<\/p>\n<p>Zahlreiche Auszeichnungen, die Listwein in den letzten Jahren erzielt hat, best\u00e4tigen seine Arbeitsphilosophie.[\/vc_column_text][\/vc_column][\/vc_row]<\/p>\n<\/div>","protected":false},"excerpt":{"rendered":"<p>[vc_row][vc_column width=&#8220;1\/3&#8243;][vc_single_image image=&#8220;539&#8243; img_size=&#8220;medium&#8220;][\/vc_column][vc_column width=&#8220;2\/3&#8243;][vc_column_text] Inge List: Sie ist das Herz und die Seele der Familie. Wo sie ist, ist enger Zusammenhalt. Die gelassene Winzerin, die stets den \u00dcberblick bewahrt, f\u00fchrt den Haushalt und leitet den Ab Hof Verkauf. Zudem betreut sie liebevoll die Ferienwohnungen,&#8230;<\/p>\n","protected":false},"author":2,"featured_media":565,"parent":0,"menu_order":0,"comment_status":"closed","ping_status":"closed","template":"","meta":{"_acf_changed":false,"footnotes":"","_links_to":"","_links_to_target":""},"class_list":["post-24","page","type-page","status-publish","has-post-thumbnail","hentry"],"acf":[],"yoast_head":"<!-- This site is optimized with the Yoast SEO plugin v27.0 - https:\/\/yoast.com\/product\/yoast-seo-wordpress\/ -->\n<title>Die Menschen - Listwein<\/title>\n<meta name=\"robots\" content=\"index, follow, max-snippet:-1, max-image-preview:large, max-video-preview:-1\" \/>\n<link rel=\"canonical\" href=\"https:\/\/listwein.at\/die-menschen\/\" \/>\n<meta property=\"og:locale\" content=\"de_DE\" \/>\n<meta property=\"og:type\" content=\"article\" \/>\n<meta property=\"og:title\" content=\"Die Menschen - Listwein\" \/>\n<meta property=\"og:description\" content=\"[vc_row][vc_column width=&#8220;1\/3&#8243;][vc_single_image image=&#8220;539&#8243; img_size=&#8220;medium&#8220;][\/vc_column][vc_column width=&#8220;2\/3&#8243;][vc_column_text] Inge List: Sie ist das Herz und die Seele der Familie. Wo sie ist, ist enger Zusammenhalt. Die gelassene Winzerin, die stets den \u00dcberblick bewahrt, f\u00fchrt den Haushalt und leitet den Ab Hof Verkauf. Zudem betreut sie liebevoll die Ferienwohnungen,...\" \/>\n<meta property=\"og:url\" content=\"https:\/\/listwein.at\/die-menschen\/\" \/>\n<meta property=\"og:site_name\" content=\"Listwein\" \/>\n<meta property=\"article:modified_time\" content=\"2024-05-18T15:56:51+00:00\" \/>\n<meta property=\"og:image\" content=\"https:\/\/listwein.at\/wp-content\/uploads\/2015\/01\/tenne.jpg\" \/>\n\t<meta property=\"og:image:width\" content=\"1616\" \/>\n\t<meta property=\"og:image:height\" content=\"3264\" \/>\n\t<meta property=\"og:image:type\" content=\"image\/jpeg\" \/>\n<meta name=\"twitter:label1\" content=\"Gesch\u00e4tzte Lesezeit\" \/>\n\t<meta name=\"twitter:data1\" content=\"2\u00a0Minuten\" \/>\n<script type=\"application\/ld+json\" class=\"yoast-schema-graph\">{\"@context\":\"https:\/\/schema.org\",\"@graph\":[{\"@type\":\"WebPage\",\"@id\":\"https:\/\/listwein.at\/die-menschen\/\",\"url\":\"https:\/\/listwein.at\/die-menschen\/\",\"name\":\"Die Menschen - Listwein\",\"isPartOf\":{\"@id\":\"https:\/\/listwein.at\/#website\"},\"primaryImageOfPage\":{\"@id\":\"https:\/\/listwein.at\/die-menschen\/#primaryimage\"},\"image\":{\"@id\":\"https:\/\/listwein.at\/die-menschen\/#primaryimage\"},\"thumbnailUrl\":\"https:\/\/listwein.at\/wp-content\/uploads\/2015\/01\/tenne.jpg\",\"datePublished\":\"2015-01-07T13:47:51+00:00\",\"dateModified\":\"2024-05-18T15:56:51+00:00\",\"breadcrumb\":{\"@id\":\"https:\/\/listwein.at\/die-menschen\/#breadcrumb\"},\"inLanguage\":\"de\",\"potentialAction\":[{\"@type\":\"ReadAction\",\"target\":[\"https:\/\/listwein.at\/die-menschen\/\"]}]},{\"@type\":\"ImageObject\",\"inLanguage\":\"de\",\"@id\":\"https:\/\/listwein.at\/die-menschen\/#primaryimage\",\"url\":\"https:\/\/listwein.at\/wp-content\/uploads\/2015\/01\/tenne.jpg\",\"contentUrl\":\"https:\/\/listwein.at\/wp-content\/uploads\/2015\/01\/tenne.jpg\",\"width\":1616,\"height\":3264},{\"@type\":\"BreadcrumbList\",\"@id\":\"https:\/\/listwein.at\/die-menschen\/#breadcrumb\",\"itemListElement\":[{\"@type\":\"ListItem\",\"position\":1,\"name\":\"Home\",\"item\":\"https:\/\/listwein.at\/\"},{\"@type\":\"ListItem\",\"position\":2,\"name\":\"Die Menschen\"}]},{\"@type\":\"WebSite\",\"@id\":\"https:\/\/listwein.at\/#website\",\"url\":\"https:\/\/listwein.at\/\",\"name\":\"Listwein\",\"description\":\"Siebing, Grassnitzberg\",\"potentialAction\":[{\"@type\":\"SearchAction\",\"target\":{\"@type\":\"EntryPoint\",\"urlTemplate\":\"https:\/\/listwein.at\/?s={search_term_string}\"},\"query-input\":{\"@type\":\"PropertyValueSpecification\",\"valueRequired\":true,\"valueName\":\"search_term_string\"}}],\"inLanguage\":\"de\"}]}<\/script>\n<!-- \/ Yoast SEO plugin. -->","yoast_head_json":{"title":"Die Menschen - Listwein","robots":{"index":"index","follow":"follow","max-snippet":"max-snippet:-1","max-image-preview":"max-image-preview:large","max-video-preview":"max-video-preview:-1"},"canonical":"https:\/\/listwein.at\/die-menschen\/","og_locale":"de_DE","og_type":"article","og_title":"Die Menschen - Listwein","og_description":"[vc_row][vc_column width=&#8220;1\/3&#8243;][vc_single_image image=&#8220;539&#8243; img_size=&#8220;medium&#8220;][\/vc_column][vc_column width=&#8220;2\/3&#8243;][vc_column_text] Inge List: Sie ist das Herz und die Seele der Familie. Wo sie ist, ist enger Zusammenhalt. Die gelassene Winzerin, die stets den \u00dcberblick bewahrt, f\u00fchrt den Haushalt und leitet den Ab Hof Verkauf. Zudem betreut sie liebevoll die Ferienwohnungen,...","og_url":"https:\/\/listwein.at\/die-menschen\/","og_site_name":"Listwein","article_modified_time":"2024-05-18T15:56:51+00:00","og_image":[{"width":1616,"height":3264,"url":"https:\/\/listwein.at\/wp-content\/uploads\/2015\/01\/tenne.jpg","type":"image\/jpeg"}],"twitter_misc":{"Gesch\u00e4tzte Lesezeit":"2\u00a0Minuten"},"schema":{"@context":"https:\/\/schema.org","@graph":[{"@type":"WebPage","@id":"https:\/\/listwein.at\/die-menschen\/","url":"https:\/\/listwein.at\/die-menschen\/","name":"Die Menschen - Listwein","isPartOf":{"@id":"https:\/\/listwein.at\/#website"},"primaryImageOfPage":{"@id":"https:\/\/listwein.at\/die-menschen\/#primaryimage"},"image":{"@id":"https:\/\/listwein.at\/die-menschen\/#primaryimage"},"thumbnailUrl":"https:\/\/listwein.at\/wp-content\/uploads\/2015\/01\/tenne.jpg","datePublished":"2015-01-07T13:47:51+00:00","dateModified":"2024-05-18T15:56:51+00:00","breadcrumb":{"@id":"https:\/\/listwein.at\/die-menschen\/#breadcrumb"},"inLanguage":"de","potentialAction":[{"@type":"ReadAction","target":["https:\/\/listwein.at\/die-menschen\/"]}]},{"@type":"ImageObject","inLanguage":"de","@id":"https:\/\/listwein.at\/die-menschen\/#primaryimage","url":"https:\/\/listwein.at\/wp-content\/uploads\/2015\/01\/tenne.jpg","contentUrl":"https:\/\/listwein.at\/wp-content\/uploads\/2015\/01\/tenne.jpg","width":1616,"height":3264},{"@type":"BreadcrumbList","@id":"https:\/\/listwein.at\/die-menschen\/#breadcrumb","itemListElement":[{"@type":"ListItem","position":1,"name":"Home","item":"https:\/\/listwein.at\/"},{"@type":"ListItem","position":2,"name":"Die Menschen"}]},{"@type":"WebSite","@id":"https:\/\/listwein.at\/#website","url":"https:\/\/listwein.at\/","name":"Listwein","description":"Siebing, Grassnitzberg","potentialAction":[{"@type":"SearchAction","target":{"@type":"EntryPoint","urlTemplate":"https:\/\/listwein.at\/?s={search_term_string}"},"query-input":{"@type":"PropertyValueSpecification","valueRequired":true,"valueName":"search_term_string"}}],"inLanguage":"de"}]}},"_links":{"self":[{"href":"https:\/\/listwein.at\/wp-json\/wp\/v2\/pages\/24","targetHints":{"allow":["GET"]}}],"collection":[{"href":"https:\/\/listwein.at\/wp-json\/wp\/v2\/pages"}],"about":[{"href":"https:\/\/listwein.at\/wp-json\/wp\/v2\/types\/page"}],"author":[{"embeddable":true,"href":"https:\/\/listwein.at\/wp-json\/wp\/v2\/users\/2"}],"replies":[{"embeddable":true,"href":"https:\/\/listwein.at\/wp-json\/wp\/v2\/comments?post=24"}],"version-history":[{"count":2,"href":"https:\/\/listwein.at\/wp-json\/wp\/v2\/pages\/24\/revisions"}],"predecessor-version":[{"id":1979,"href":"https:\/\/listwein.at\/wp-json\/wp\/v2\/pages\/24\/revisions\/1979"}],"wp:featuredmedia":[{"embeddable":true,"href":"https:\/\/listwein.at\/wp-json\/wp\/v2\/media\/565"}],"wp:attachment":[{"href":"https:\/\/listwein.at\/wp-json\/wp\/v2\/media?parent=24"}],"curies":[{"name":"wp","href":"https:\/\/api.w.org\/{rel}","templated":true}]}}